e the prime factors of d?
2, 11
Let d(s) = -35*s + 15. Let k(m) = 35*m - 14. Let h(v) = -6*d(v) - 5*k(v). List the prime factors of h(7).
3, 5
Suppose 2*m = 5*n + 169, -3*n = -2 - 7. List the prime factors of m.
2, 23
Suppose 12*c - 4104 - 2856 = 0. List the prime factors of c.
2, 5, 29
What are the prime factors of (-4638)/(-5) + 5/(150/12)?
2, 29
Let m be (8 + (0 - 2))*-1. Let w be 8/m*(-4 + 1). Suppose -12 = -3*l, -2*x = -0*x - w*l - 14. What are the prime factors of x?
3, 5
Let o be ((-20)/5 - -2) + -47. Let v = 73 + o. List the prime factors of v.
2, 3
Let o = 904 + 186. What are the prime factors of o?
2, 5, 109
Let s(o) = -o + 8. Let a be s(7). Let c be 25/15*(a - -2). What are the prime factors of c - (-1 + -1 + 1)?
2, 3
List the prime factors of 5/(-2)*(-49514)/95.
1303
List the prime factors of ((-1)/(7/(-4908)))/(34/119).
2, 3, 409
Let h = -11 - -10. What are the prime factors of 2 + h - (-273)/7?
2, 5
Let o = 909 - 649. List the prime factors of o.
2, 5, 13
What are the prime factors of (-1498)/(-21)*9/3?
2, 107
Suppose -14*x + 13*x = -551. List the prime factors of x.
19, 29
Let h(j) = -j - 1. Let d be h(-5). Let w = -33 - -33. Suppose -2*i - z + 120 = 2*i, -i - d*z + 45 = w. List the prime factors of i.
29
What are the prime factors of ((-47)/(-2))/(8*9/1008)?
7, 47
Let i(c) = c**2 - 9*c + 9. Let a be i(7). Let v(l) be the second derivative of -5*l**3/6 - 3*l**2 + 3*l. What are the prime factors of v(a)?
19
Let q = 14 + 2. Let g = -12 + q. Suppose -2*z = -20 + g. What are the prime factors of z?
2
Let n be (-1 + 2)/((-2)/(-234)). Suppose c + 4*u = 88, 5*c - 4*u - 419 - n = 0. List the prime factors of c.
2, 13
Suppose 2966 - 12621 = -5*a. What are the prime factors of a?
1931
Let r be 9*1/(2/12*3). List the prime factors of ((-78)/4*-2)/(3/r).
2, 3, 13
Suppose 0*b - 3 = -j + b, -4*j + 2*b = -10. Suppose -2*g = -3*p - 742, -4*g - 5*p - 800 + 2262 = 0. List the prime factors of g/80 - j/(-5).
5
Let y(u) = 2*u**2 + u - 2. Suppose 5*l + 10 = -0*l. Let d be y(l). Suppose -2*k - 3*k + 42 = o, -o = -d*k - 42. What are the prime factors of o?
2, 3, 7
Suppose 2*w = -2*z - 326 - 134, -2*z = 3*w + 462. Let l = z - -437. List the prime factors of l.
11, 19
Let c = -1019 + 2978. List the prime factors of c.
3, 653
What are the prime factors of (56 + 2)/(1/1)?
2, 29
Suppose -k = -6*k + 4*j + 40, 2*j + 30 = 5*k. Let l be (-78)/18 - k/6. Let t(h) = -13*h - 15. What are the prime factors of t(l)?
2, 5
List the prime factors of 8/8 - -709 - 6.
2, 11
Let z(f) = 3*f**2 + 6*f - 9. Suppose 0 = y + 6. List the prime factors of z(y).
3, 7
Let j(o) = -o**3 - 13*o**2 - 12*o + 5. Let h be j(-11). Let n = h + 156. List the prime factors of n.
3, 17
Suppose 3*f - 6*f - 165 = 0. What are the prime factors of 22/f - (-547)/5?
109
Let x(d) = -d**3 + 15*d**2 - 6*d + 32. List the prime factors of x(11).
2, 3, 5
Suppose a - 3*a + 2*v + 18 = 0, a - 5*v = 9. Let d(n) = n + 14. List the prime factors of d(a).
23
Let f(y) = 25*y**2 + y. Let q = 21 + -12. Let b = 8 - q. List the prime factors of f(b).
2, 3
Let s(b) = b**3 - 15*b**2 - 10*b + 9. Let z(t) = 3*t**2 + 2*t - 2. Let f(i) = -2*s(i) - 11*z(i). What are the prime factors of f(-3)?
37
Suppose -4*h + 27 = -129. Let s(w) = w**2 + 3*w + 3. Let x be s(-2). Suppose -4*n + h = -x. What are the prime factors of n?
2, 5
What are the prime factors of (-45)/(-36) - 3189/24*-2?
3, 89
Let i be -2*7*(-2 + 1). Suppose -4*p - s + 0*s + 14 = 0, 3*p + s = 10. Suppose -56 = -p*w - 4*h, -w + i - 3 = 2*h. What are the prime factors of w?
17
Suppose 4*o = -0*o. Let f = 176 - 146. What are the prime factors of o + 1 + -3 + f?
2, 7
Suppose 17 = 4*c + 5. Suppose 0 = -q + c*q - 10. Suppose 55 = u + 4*o + 15, o - 124 = -q*u. What are the prime factors of u?
2, 3
Suppose 2*u - 4 = 2*p - 22, -5*p = 0. Suppose 0 = -f + 3*f + 12. Let h = f - u. List the prime factors of h.
3
Let c = -38 - -54. Suppose -8 = p - c. What are the prime factors of p?
2
Let q(m) = m**3 - 2*m**2 - 13*m - 11. What are the prime factors of q(8)?
269
Let j(i) = 2*i**2 - 9*i. Let c be j(-4). Suppose -124 - c = -4*h. What are the prime factors of h?
2, 3
Let z be ((0 - -2)/(-1))/((-10)/15). Suppose 0 = 5*h + o - 591, 5*o + 377 = -0*h + z*h. List the prime factors of h.
7, 17
Suppose -56*q = -58*q. Let u(c) = c**2 - 2. Let l be u(-3). Suppose q = -a + 43 - l. What are the prime factors of a?
2, 3
Let f(x) = x**2 + 15*x + 24. List the prime factors of f(27).
2, 3, 193
Suppose 46 = -6*v + 466. Let f = 182 - v. What are the prime factors of f?
2, 7
Let c = -2675 - -4114. List the prime factors of c.
1439
List the prime factors of 114/(-342) - (-12682)/3.
3, 1409
Let c(l) = 37*l + 1. Suppose 4*d - 7 + 3 = 0. What are the prime factors of c(d)?
2, 19
Let q(l) = -4*l**3 + 6*l**2 + 14*l + 10. What are the prime factors of q(-6)?
2, 503
Suppose 6*l + 95 = l. Let q be -3*l/3 + 2. Suppose 3*t + q = 4*t. List the prime factors of t.
3, 7
List the prime factors of 1252 - 48/(13 - 5).
2, 7, 89
Let h(t) = 26*t**2 + 11*t + 77. List the prime factors of h(-8).
3, 19, 29
Let u(o) = -3 - 37*o**2 + 0 + 39*o**2. What are the prime factors of u(5)?
47
Let s(r) = 5*r**2 + 6*r + 2. Let l be s(-2). Suppose -28*w + l = -30*w. What are the prime factors of 2 - w/(20/76)?
3, 7
Suppose -2*x + 4 = 0, -57*y + 58*y = -x + 1076. What are the prime factors of y?
2, 3, 179
Let c(z) = -7*z**3 + 10*z - 12. Let n(d) = -15*d**3 + 21*d - 23. Let g(v) = -7*c(v) + 3*n(v). What are the prime factors of g(4)?
3
Suppose 2*j + z = 3, -5*z - 13 = 3*j - 0*j. Suppose j*s = 6*s - 202. What are the prime factors of s?
101
Let c = 153 + -63. Suppose -3*k + k + c = 0. List the prime factors of k.
3, 5
Let f(r) be the second derivative of -r**3 - 7*r. Let g(j) = -j. Let d be g(4). List the prime factors of f(d).
2, 3
Suppose 5*b = -6*b + 154. List the prime factors of b.
2, 7
Let y(h) = h**2 + 5*h + 6. Let b be y(-2). Suppose -54 = -5*p + 3*i + 199, 4*i - 16 = b. List the prime factors of p.
53
Let b(x) = -22*x**3 + x + 2. Let p be b(-2). Let t be (15/5)/(9/15). Suppose -21 = -q + 4*n, t*q - 24 = n + p. List the prime factors of q.
41
Suppose 2852 = 27*h - 10405. List the prime factors of h.
491
Suppose -k + 3*k - 6 = 0. Suppose -a = k*a - 16. Suppose q + 5*m = a, -3*m = -5*q - 2*m + 98. What are the prime factors of q?
19
Let p be 325240/(-84) + (-12)/126. What are the prime factors of -2 - -1 - p/22?
5, 7
Let z be (5 - 4)*1/(2/30). Suppose z*q = 14*q + 10. What are the prime factors of q?
2, 5
Let m(s) = s**2 - 16*s + 2. Let v be m(16). Suppose v*f + 0 = 10. Suppose -190 = -f*t - 25. What are the prime factors of t?
3, 11
Suppose 0 = 10*r - 7*r - 6. Suppose a - 2*a - 3*f + 81 = 0, -4*a + 380 = -r*f. List the prime factors of a.
3, 31
Let b(f) = -17*f**2 - 7*f + 73. Let y(g) = 6*g**2 + 2*g - 24. Let v(m) = -3*b(m) - 8*y(m). List the prime factors of v(5).
73
Let l(a) = -16*a**3 + 10*a - 1. List the prime factors of l(-3).
401
What are the prime factors of (2/2)/(23/8579)?
373
Suppose -127 = -5*m - 4*w, 3*m = m - 5*w + 61. Let h(r) = -r**3 + 9*r**2 - 5*r - 10. Let f be h(8). Let q = m - f. What are the prime factors of q?
3
Let s be (-6 + 2/2)*(1 + -65). Let u = s - 163. List the prime factors of u.
157
Let w = -56 - -125. Let a = -20 + w. Let t = a - 9. List the prime factors of t.
2, 5
Let v(g) = -g**2 - 9*g - 1. Let z be v(-9). Let h be z*(-1 - -2) - -5. Suppose h*k = 8*k - 28. List the prime factors of k.
7
Suppose -4*a + 75 = a. Let o be 4/20 - (-12)/a. List the prime factors of (o - -19)*3/12.
5
Suppose -3*o + 225 + 843 = 0. List the prime factors of o.
2, 89
Let s(n) be the first derivative of 3*n**2/2 - 4*n + 6. Let q be s(2). Suppose 4*p = f + 244, 5*f + 166 = 5*p - q*p. What are the prime factors of p?
2, 31
Suppose 3*t - 32 = -5*x, 5*x + 4*t - 24 = 3*x. Suppose x*r - 3*r = 4. List the prime factors of -2 + 2 + 32/r.
2
Suppose l - 62 = -8. Suppose 52*i = l*i - 148. What are the prime factors of i?
2, 37
Let y = -644 - -1078. List the prime factors of y.
2, 7, 31
Suppose -4*f + 35 = 3*y, -5*f + y = -3*y - 36. Let s = -6 + f. What are the prime factors of s/4 + (-113)/(-2)?
3, 19
What are the prime factors of (4420/(-50))/((-4)/40)?
2, 13, 17
Let b(h) = -h**2 + 10*h + 11. Let z be b(11). Suppose -3*p - 62 = d, 